 o(q) = 14*q - 2. Calculate the remainder when o(1) is divided by 4.
0
Let h be ((-44)/(-5))/(4/20). Suppose -3*r - h = -4*r. Suppose 3*d - 30 = d. What is the remainder when r is divided by d?
14
Suppose 2*v + 10 = 7*v. Suppose -6*g + 184 = -v*g. What is the remainder when g is divided by 12?
10
Let b = -9 - -22. Let f = -68 - -29. Calculate the remainder when b is divided by f/(-9) - (-2)/3.
3
Suppose -o + 4 = -5*u, -o = -2*u - 0 - 4. Suppose -s = -u*s - 28. Suppose 5*k - 61 = 14. Calculate the remainder when s is divided by k.
13
Suppose 3*i = -40 + 97. Suppose -4*l + 216 = 4*k, -k - 218 = -5*k - 2*l. What is the remainder when k is divided by i?
17
Let h = -160 - -282. What is the remainder when h is divided by 32?
26
Let f = -2 + -1. Let r(q) = 4*q**3 + 4*q**2 - q. Let x(y) = y**3 - y - 1. Let s(k) = r(k) - 3*x(k). Calculate the remainder when s(f) is divided by 4.
2
Let h = 4 + 10. Let y = 10 + h. Calculate the remainder when y is divided by 7.
3
Let u be 6/(-8) - (-2)/(-8). Let x = u - 3. Let l = x - -43. Calculate the remainder when l is divided by 14.
11
Let g = -109 + 67. What is the remainder when (-4)/7*g/12 is divided by 2?
0
Let n be 6808/14 + (-4)/14. Let k = 210 - n. What is the remainder when 38 is divided by k/(-14) + 4/14?
18
Suppose -j - 3*j - 20 = -l, 0 = -l - 2*j + 50. Suppose -l = p - 6*p. What is the remainder when 14 is divided by p?
6
Let i be (1 - 2 - 1) + 40. Suppose 0*y = 3*y - 3*p - 42, 0 = -2*y - 3*p + i. Calculate the remainder when y is divided by 6.
4
Let j(i) = -31*i**3 + i**2 + 3*i + 1. Calculate the remainder when j(-1) is divided by 11.
8
Suppose 8*j - 95 = 3*j. Let c be (-4)/14 + (-1976)/(-56). Suppose u = 6*u - c. Calculate the remainder when j is divided by u.
5
Let i(b) = 2*b + 18. Let p be i(-9). Suppose a - 6 = -0*j - j, 3*j - 3*a - 30 = p. Calculate the remainder when 22 is divided by j.
6
Let u(g) = -g**2 - 11*g - 7. Let v be u(-7). Let b = -12 + v. What is the remainder when b is divided by 5?
4
Let z(u) = -5*u - 3. Let x be 3*(-8)/12 + 14. Let k = x - 9. Calculate the remainder when z(-2) is divided by k.
1
Let y(j) = -j**3 + 5*j**2 - 4*j + 4. Let l be y(3). Let c(p) = -p**2 - 9*p - 4. Calculate the remainder when c(-6) is divided by 1*1/2*l.
4
Suppose -2 = -s, 4*s = 3*q - 6*q + 329. Let u be ((-66)/(-5))/((-3)/(-15)). Let y = q - u. What is the remainder when y is divided by 14?
13
Let p = -10 - -13. Suppose 0 = -p*t - t + 48. Calculate the remainder when 34 is divided by t.
10
Suppose 5*s - 15 = -0*s + 5*z, 4*s = z + 9. Calculate the remainder when 2 + 16/(s/1) is divided by 6.
4
Let z = 85 - 55. Let p = z - 0. What is the remainder when 87 is divided by p?
27
Let m = 109 + 51. Calculate the remainder when m is divided by 27.
25
Suppose 3*y + 4 = -4*i, 2*y - 8 = -y - i. Suppose y*s - k - 67 = 0, -4*k = -3 - 1. Calculate the remainder when 32 is divided by s.
15
Let q = -4 - -3. Let c(v) = -5*v - 1. Let b be c(q). What is the remainder when 5 is divided by b + (1 - 1) - 1?
2
Suppose 0 = 4*n - 2*a - 4, -n - a + 3*a = 5. What is the remainder when -20*n/((-15)/4) is divided by 6?
4
Suppose 0 = n - 4*n + 12. Suppose -n*y + 8 = -0*y. Calculate the remainder when 7 is divided by (4/3)/(y/6).
3
Suppose 2*r - 6*r = -220. Let c = r - 23. What is the remainder when c is divided by 11?
10
Let r(d) = -10*d - 19. Suppose -4 = -4*s + 2*a, 3*a - 4 + 5 = s. Let x(p) = 41*p**2 - 2*p + 1. Calculate the remainder when x(s) is divided by r(-4).
19
Suppose 18 + 17 = -g. Let k = -16 - g. Suppose 11 = -3*f + 4*f. Calculate the remainder when k is divided by f.
8
Suppose -3*z + z = -10. Suppose -3*p = -z*a + 50, 0 = -4*a + 3*a - 2*p + 10. What is the remainder when 38 is divided by a?
8
Let c = -134 - -209. What is the remainder when c is divided by 39?
36
Let h(n) = -5*n**3 + 4*n**2 + 3*n. Let g = 5 + -7. What is the remainder when h(g) is divided by 17?
16
Suppose 5*n - 14 = 1. Suppose n*r - 3 = 2*r. Suppose q = 4*i - 1, -q + 43 = 4*q + 4*i. What is the remainder when q is divided by r?
1
Let v(f) = f**2 - 2*f - 7. Let d be v(7). Suppose 0*x = x - 20. Let h = d - x. What is the remainder when 23 is divided by h?
7
Let q be (-4)/(-2) - -7 - 0. Let i(h) = 17*h - 4*h - 4*h - 2 + q*h. Calculate the remainder when i(2) is divided by 12.
10
Suppose -3*d + 4*d = 9. Let u(l) = -9*l + 14 - 5*l**2 + 4*l**2 - 11. What is the remainder when u(-7) is divided by d?
8
Suppose 3*r - r - 49 = -3*v, -5*v = 3*r - 76. Suppose -5*j = -197 - 53. Calculate the remainder when j is divided by r.
16
Let h(b) = 14*b + 4. Let d(u) = -15*u - 3. Let i(z) = 5*d(z) + 4*h(z). Suppose 2*q - 10 = q. What is the remainder when i(-2) is divided by q?
9
Suppose 2*z + 4*k + 12 = 0, 4*k - 6*k = 2*z + 2. Let h be (3 + -5)/4*40. Let m = -10 - h. What is the remainder when m is divided by z?
2
Suppose -4*q = q - 170. What is the remainder when 64 is divided by q?
30
Suppose 0*n + 2*n = 10. Suppose n = -s + 9. Calculate the remainder when 11 is divided by s.
3
Let a be (1 - 0)*16/2. Suppose 4*c + 0*c = 16. Let k = a + c. Calculate the remainder when 34 is divided by k.
10
Suppose 0 = -5*z - 2*k - 368, 0 = -0*z - 3*z + 2*k - 224. Suppose 0 = -r - 4, n + n - 46 = 5*r. Calculate the remainder when z/(-3) - 6/9 is divided by n.
11
Let t(d) = -d**3 + d**2 + d + 16. Calculate the remainder when 78 is divided by t(0).
14
Suppose 4*r + 0*d + 2*d - 130 = 0, -2*d + 98 = 3*r. Calculate the remainder when r is divided by 11.
10
Suppose -10 = -5*o + 55. Calculate the remainder when ((-1)/3)/(1/(-69)) is divided by o.
10
Calculate the remainder when (2/6)/((-2)/(-66)) is divided by (1 - 6)*3/(-5).
2
Let l = -23 - -17. Let j = l - -25. Calculate the remainder when j is divided by 10.
9
Let f be 9/2 - 4/(-8). Suppose 2*d - 3*z + 8*z = 25, 0 = 2*d - f*z + 5. Let k = d + -3. Calculate the remainder when k is divided by 2.
0
Let y(v) = -v**2 - 8*v - 4. Suppose 29 = r - 4*x, -r + 0*r = 3*x - 29. Calculate the remainder when r is divided by y(-6).
5
Let r(n) = -26*n + 2. Let b be r(2). What is the remainder when ((-1)/1)/(2/b) is divided by 9?
7
Suppose -3*r = -2*j - 47, 0 = 2*r - j - 17 - 15. Calculate the remainder when r is divided by 5.
2
Suppose 6*w = 3*w. Suppose w = -3*p - 39 + 117. Suppose -5*j = -6*j + 14. Calculate the remainder when p is divided by j.
12
Suppose 3*j - 15 = 3*u, 2*u - 63 = -5*j - 24. Let r(x) = x**3 - 7*x**2 + 3*x + 4. Calculate the remainder when r(7) is divided by j.
4
Let i = -13 + 13. Suppose 2*f + i*f - 24 = 0. Calculate the remainder when 22 is divided by f.
10
Calculate the remainder when -3 - -1 - 2 - -51 is divided by 24.
23
Suppose 52 + 23 = 3*d. Let z(x) = 2*x - 1. Let t be z(-2). Let c = t - -14. Calculate the remainder when d is divided by c.
7
Suppose -2*k + 90 + 12 = 0. Calculate the remainder when k is divided by 18.
15
Let c(o) = 2*o**2 - 3*o + 8. What is the remainder when c(-4) is divided by 11?
8
Suppose 0 = 3*x + 4*v - 21, v - 8 = -x - 0*x. Calculate the remainder when (64/(1 - 3))/(-1) is divided by x.
10
Suppose 14*d = 192 + 186. What is the remainder when 50 is divided by d?
23
Suppose 0 = -5*t - 4*r + 163, -t + 2*r = 7 - 48. Suppose t = 4*g + g. What is the remainder when g is divided by 3?
1
Suppose -2*b + 108 = 2*q, 112 = 2*b - 2*q + 3*q. Calculate the remainder when b is divided by 31.
27
Suppose 55 = 2*x - 39. Calculate the remainder when x is divided by 24.
23
Let a(w) = w**2 + 6*w. Let p be a(-6). Let m = -79 - -127. Suppose 4*v - m + 4 = p. Calculate the remainder when 30 is divided by v.
8
Suppose -2*a = -g - 210, 5*a - g - 376 = 149. Suppose 7 + 5 = x. What is the remainder when x is divided by a/5*(-1)/(-3)?
5
Let y(l) = l**3 - 5*l**2 + 7*l - 1. Calculate the remainder when 5 is divided by y(3).
1
Let n(w) = -w**3 - 7*w**2 - 4*w - 9. Let k(a) = -6*a**2 - a. Let l be k(1). Let r = 29 - -7. Calculate the remainder when r is divided by n(l).
17
Suppose 5*y = -0*y + 25. What is the remainder when 16 is divided by y?
1
Let w(l) = -3*l**3 - l + 2. Let t = -5 - -2. Let b = t + 1. What is the remainder when w(b) is divided by 10?
8
Let i = 33 + -12. What is the remainder when 59 is divided by i?
17
Suppose 2*k = 5*s + 5 + 8, -s - 4*k = 7. What is the remainder when (-3)/(s/(-3)*-1) is divided by 2?
1
Suppose 10 = 2*y, 10*